1 - a. What is the greatest common divisor of 114 and x?
6
Let r = 178 - 50. Let c be 15/(23 - 8) - -23. Calculate the highest common divisor of r and c.
8
Suppose -k + 8 = 38. Let g be (k/(-4))/(5/30). Suppose 0 = -11*i + h + 96, -6 = 19*i - 18*i - 5*h. Calculate the greatest common divisor of g and i.
9
Let h = -3498 + 3726. What is the highest common divisor of 608 and h?
76
Let o(b) = -8*b**3 + 28*b**2 + 3*b - 64. Let i be o(-8). What is the greatest common divisor of 24 and i?
8
Let x(a) = -19*a + 442. Let b be x(22). Suppose -p + 8 + 48 = 0. What is the highest common factor of b and p?
8
Let d(j) = 133*j**2 - 57*j + 121. Let c be d(2). What is the highest common factor of c and 308?
77
Let q(d) = 2*d**2 - 6*d + 7. Let w be q(4). Suppose 19*f = 14*f + w, 3*f - 16 = -t. What is the greatest common factor of t and 581?
7
Suppose 142915*v - 142903*v - 90024 = 0. What is the highest common factor of v and 62?
62
Let m be (-17)/((-17)/(-6)) + (-997 - -6). Let y = 1057 + m. Let z be 1 - 0 - (1 - 15). Calculate the highest common factor of y and z.
15
Let n(a) = 78*a**3 + a**2 - 9*a + 8. Let b be n(1). Calculate the highest common factor of 4173 and b.
39
Suppose 9*a - 1897 = 2. Suppose g - 302 = -5*t + a, 5*g = -2*t + 219. Calculate the greatest common divisor of 68 and t.
34
Let n(m) = -2*m - 8*m + 7*m**2 + m - 5 - m**3. Let l be n(5). Let q be (-70 + l)*(78/30 - 3). Calculate the highest common divisor of q and 7.
7
Suppose -7 + 25 = -6*s. Let x(k) = -8*k**3 + 2*k**2 + k + 16. Let t be x(s). Calculate the greatest common factor of t and 13.
13
Suppose -9 = -2*x + x. Let o = -1168 - -1213. Calculate the highest common factor of o and x.
9
Let b be ((-11)/(-1))/(((-52)/20)/13). Let p = -36 - b. Calculate the highest common divisor of 323 and p.
19
Let x be 226/5 + (-2)/10. Let f(c) = 251*c + 16128. Let r be f(-63). What is the greatest common divisor of r and x?
45
Let d = 13841 + -11168. Calculate the greatest common divisor of 198 and d.
99
Suppose -5*r = -25, f + 14*r + 1 = 17*r. Let m(v) = -v**3 + 13*v**2 + 17*v - 3. Let w be m(f). Calculate the greatest common divisor of w and 12.
3
Suppose -4*i - 486 = -22*i. Let k = -31 - -37. Suppose 12*j - k*j = 1134. What is the greatest common factor of i and j?
27
Suppose 3*h + 2*h = 780. Let n = 366 - h. Calculate the highest common divisor of n and 14.
14
Suppose 9*c = 27*c + 25*c - 20468. What is the greatest common divisor of 644 and c?
28
Suppose 2541*s = -459*s + 279332 - 39332. Let p = -116 - -1956. Calculate the highest common factor of p and s.
80
Let f(a) = a - 2. Let v(x) = 25*x**2 + 83*x - 14. Let t(j) = 6*f(j) - v(j). Let c be t(-2). Calculate the greatest common factor of c and 14.
14
Let q be (-8)/(0 - -1) + (-659 - -786). What is the highest common divisor of 1649 and q?
17
Let i(u) = 2*u - 30. Let a be i(12). Let h be a*29*69/(-207). What is the highest common factor of h and 29?
29
Let r(y) = -y**2 - 41*y - 186. Let m be r(-8). Suppose -6*d + 84 = -m. What is the highest common factor of d and 675?
27
Let u(w) = -60*w - 1210. Let y be u(-70). Calculate the greatest common factor of 30 and y.
10
Let s = -55 - -55. Suppose 4*p + 2*v - 50 = s, 4*p + 3*v + 10 = 63. Suppose 4*d - d = 33. What is the highest common divisor of d and p?
11
Let b(p) = -9*p**2 + p - 2. Let w be b(1). Let l be (116/w)/((-13)/65). Let o = -46 + l. Calculate the greatest common factor of o and 60.
12
Let a(n) = n + 28. Let w = -50 + 47. Let c be 0/w + 0/(-5). Let t be a(c). What is the greatest common divisor of 42 and t?
14
Let o be (-69)/92 - 543/(-4). What is the highest common factor of 585 and o?
45
Suppose s - 5*s = 12. Let i be ((-6)/18)/(1/s). Suppose 57*t - 7*t - 550 = 0. What is the greatest common factor of i and t?
1
Let x = 405 + -405. Suppose x = 26*w - 22*w - 48. Let h = 20 - 14. What is the highest common divisor of w and h?
6
Let b = 179 - 131. Suppose r - 5*i = 18, -3*r = -2*i - 6 - b. What is the highest common factor of r and 12?
6
Suppose -93 - 92 = -14*b - 73. Calculate the highest common divisor of 5544 and b.
8
Let n be ((-7)/(-3))/(7 - (-940)/(-135)). Suppose -x - n = -2*x. Let b(w) = 2*w - 41. Let q be b(24). What is the greatest common divisor of q and x?
7
Let t be ((-114)/72 + (-2)/12)/(1/(-836)). What is the highest common divisor of t and 616?
77
Suppose 69 = 18*s + 15. Suppose -g = -2*w + 393, -s*w + 132 + 465 = g. What is the greatest common factor of w and 9?
9
Suppose 769 = -208*n + 254*n - 335. Calculate the greatest common divisor of 11112 and n.
24
Let f(o) = -o**3 + 16*o**2 + 10*o + 119. Let g be f(17). Suppose -w + 6*w - 240 = g. What is the highest common factor of w and 6?
6
Let u be 80/(-120) + 3010/15. Suppose -3*d - 50 = -8*d. What is the greatest common factor of d and u?
10
Let l be -3*12/9 - 5. Let g = l + 12. Suppose -2*a = 3*u - 608, -4*a + 19 = g. Calculate the greatest common divisor of 40 and u.
40
Suppose c - 3*c + 4 = 0. Suppose c*h = 4 + 26. Suppose 0 = r + 4*o + 13 - 162, 4*r - 652 = -2*o. Calculate the highest common divisor of h and r.
15
Suppose 373 = 7*d + 128. Suppose 15*b + 1 = 5*y + 19*b, -b + 9 = 3*y. Calculate the greatest common factor of y and d.
5
Let s be -14*9/(-10)*5. Let j(u) = -2*u**3 + u**2 + 120*u + 9. Let y be j(8). What is the greatest common factor of s and y?
9
Let u be 3/18 - (-143)/78. Suppose 4*j = 0, -5*j = -d + 4*d + 12. Let w be (-5*(2 + d))/2. What is the highest common factor of w and u?
1
Let j be ((-9)/(-21))/(382/8022). Let l(q) = -3*q - 7. Let m be l(-5). Let y be 2/(-2)*-1 + m. What is the greatest common factor of y and j?
9
Suppose 0 = -4*a + 4*x + 1700, 4*a - 17 = -3*x + 1676. What is the greatest common factor of 4346 and a?
106
Let t(g) = -5*g**2 + 12*g**2 - 4 - 8 + 8*g + 10*g. Let b be t(-11). Let o = b + -175. What is the highest common divisor of 42 and o?
42
Let x be 1/27*6 + (-1400)/(-18). Let b be 128/(558/x + -7). Calculate the highest common factor of b and 16.
16
Let y = 328 - 83. Suppose 16*k = 9*k + y. Suppose 3*v - v = n + 10, -3*v = 3*n - 15. What is the greatest common factor of k and v?
5
Let c = -2980 - -3539. Calculate the highest common divisor of c and 473.
43
Let l = 5519 - -9331. What is the greatest common divisor of 225 and l?
225
Let t = -392588 + 392840. Let h be (-574)/(-8) - 1/(-4). What is the greatest common factor of h and t?
36
Suppose -14*k + 17*k + 4*u = 1408, -7*k - 4*u + 3248 = 0. What is the greatest common factor of 1288 and k?
92
Suppose 3*z + 6 = 69. Suppose 21*j = -z*j + 12012. Calculate the highest common divisor of 52 and j.
26
Suppose -12*o + 2590 = -1670. Suppose -3*t + 5*l + 636 = 101, -3*l - o = -2*t. What is the greatest common divisor of 68 and t?
34
Let a be 1/(-1) - (0 + -19). Let r = 16780 - 16732. Calculate the greatest common divisor of r and a.
6
Let r be 451 - (-1 + 0 - 5). Let p = r - 341. What is the greatest common divisor of p and 406?
58
Suppose 7*y + 59 = -151. Let g be (-1)/(y/(-24)*2/(-5)). Let z be (150/(12/g))/(1/2). What is the highest common factor of 125 and z?
25
Suppose 4*f + 3*k - 153 = -15, 5*k - 60 = -f. Calculate the greatest common divisor of f and 13680.
30
Let v(z) = -6*z**3 - 5*z**2 - 2*z + 2. Let q be v(-1). Let f be 161/7 - (-6)/(-2). Suppose f = q*m - 60. Calculate the greatest common divisor of m and 144.
16
Let l be (13453/55)/(3/6*12/150). Calculate the greatest common divisor of 10 and l.
5
Let f be (19 - 7)/(-108) + 28513/9. What is the highest common divisor of f and 72?
72
Suppose 3*i = 5*z - 142 - 626, 5*z = -i + 764. Let v = 14 - 84. Let u = v + 87. Calculate the highest common factor of u and z.
17
Suppose -24 = -4*u, -36 = 66*l - 67*l - 4*u. Calculate the highest common divisor of 5748 and l.
12
Suppose 5*k = -4*v - 858, 47*k + 166 = 46*k + 2*v. Let r = 341 + k. What is the highest common divisor of r and 285?
57
Let u = 539 + -532. Let q(f) = f**2 - 7*f + 8. Let n be q(u). What is the highest common factor of 8 and n?
8
Let l(i) = -i + 4. Let h be l(3). Suppose -157*f + 88*f = -2001. Calculate the highest common factor of h and f.
1
Let q = 13474 - 13362. What is the greatest common factor of q and 1764?
28
Let k(v) = 14*v**2 - 73*v + 24. Let a be k(5). Let t(h) = 16*h - 11. Let x be t(8). What is the highest common d